divided by u.
25
Calculate the remainder when 268 is divided by 7 + 133/(-21)*-6.
43
Let a(k) = k**2 - 11*k - 112. Calculate the remainder when 1832 is divided by a(-7).
12
Let s(a) = -26*a - 258. Calculate the remainder when s(-25) is divided by 22.
18
Suppose 36*n = 334 + 962. What is the remainder when 496 is divided by n?
28
Suppose 62*j - 5*j = 17898. Calculate the remainder when j is divided by 7.
6
Let k(n) = -7*n - 7. Calculate the remainder when 64 is divided by k(-3).
8
Suppose 0 = 4*w + 12 + 20. Let g be (-4 - 12/(-3)) + 4 - 0. What is the remainder when 39 is divided by g*(4/w + 3)?
9
Suppose 2*d - 37 = -3*j, 26 = 5*j - 3*d - 4. Calculate the remainder when 51 is divided by j.
6
Let s(p) = 30*p - 6. What is the remainder when s(8) is divided by 40?
34
Suppose -2*v = -y + 1, 0*y - y = -v + 2. Let m = 7 + v. Suppose 4*k = 3*d + 66 - 6, -2*k + 30 = -4*d. Calculate the remainder when k is divided by m.
3
Suppose 3*z = 30 + 33. Let p = -580 + 642. Calculate the remainder when p is divided by z.
20
Suppose -210 = -5*k + 5*g, -6*g + 160 = 4*k - 8*g. Let o = 20 + -12. Let c(d) = d**3 - 8*d**2 + 2*d - 8. What is the remainder when k is divided by c(o)?
6
Let r be 5 - 2 - (2 + -2). Calculate the remainder when r/(0 - (-3)/30) is divided by (1*-16)/(-2 - 0).
6
Suppose 3*n = -4*d + 2*n - 1, -3*d - 2*n = -3. Let b be -3 + ((-4)/d - -4). Suppose -2*u - 99 = -b*u. Calculate the remainder when u is divided by 12.
9
Let n be 6/21 - ((-456)/21 + -1). Suppose -5*i + 143 - n = 0. What is the remainder when 95 is divided by i?
23
Suppose -58 = -20*h + 18*h. Calculate the remainder when h is divided by 8.
5
Suppose 0*d - d = -4, 2*o - 6 = d. Suppose -2*a + 3*f = -5*a + 303, -505 = -5*a + o*f. Calculate the remainder when a is divided by 21.
17
Let w(f) = f**3 - 4*f**2 + 2*f - 3. Let b be w(4). Suppose -h + 38 = b. What is the remainder when h is divided by 13?
7
Let i(f) = -f**3 + 4*f**2 + 16*f. Let p be i(6). Calculate the remainder when 175 is divided by p - (5/(20/8) - 0).
21
Let u = 11 - 2. Let a(i) = 37*i**2 - 2*i - 1. Let k be a(-1). Calculate the remainder when -3 - k/(-4)*2 is divided by u.
7
Let r(w) = -w**3 - 3*w**2 - w + 1. Let x be r(-3). Calculate the remainder when (1 - -27)/x + -4 is divided by 1.
0
Let j(k) = -2*k - 4. Let a be j(-2). Suppose -2*d + a*c + 4*c - 32 = 0, -2*c = -5*d - 64. Let b = d - -28. Calculate the remainder when 47 is divided by b.
15
Suppose -55 = -5*p + z, 3*p + 2*z - 55 = -2*p. Calculate the remainder when 219 is divided by p.
10
What is the remainder when (-1)/1 - (0 + -2) is divided by -4 - (-3 + 4 + -6)?
0
Suppose 60*z + 2*y = 56*z + 146, 2*z - y = 67. What is the remainder when 174 is divided by z?
34
Let l(q) = 4*q**2 + q. Let r be l(1). Suppose 32 - 5 = 4*t - r*b, 3*t = 5*b + 24. Calculate the remainder when 11 is divided by t.
2
Suppose 11*a = 10*a - 4. Calculate the remainder when 14 - (a - -6 - 1) is divided by 6.
1
Suppose 0 = -5*t - 3*j - 202, 5*t = j - 3*j - 203. Let v = t + 62. Let d(z) = -6*z - 1. What is the remainder when v is divided by d(-2)?
10
Let k(c) = c**3 - 7*c**2 - 9*c + 11. Let d be k(8). Let p be d + (88/(-2))/2. What is the remainder when 8/(-4) - (p + 2) is divided by 6?
3
Suppose 2*c = -5*g - 2*c + 143, c - 2 = 0. Suppose 2*l = -l + 21. Calculate the remainder when g is divided by l.
6
Suppose 4*i = o + 89, -o = 5*i - 3*o - 115. Calculate the remainder when 77 is divided by i.
14
Suppose 29*v - 33*v + 5*t = -380, -3*v - 5*t = -250. What is the remainder when 333 is divided by v?
63
Let c be 2/7 - (-27)/(-21). Let d be c/((5 + -1)/(-980)). Suppose -4*u = -5*b + d, 3*u + 245 = 4*b + b. What is the remainder when b is divided by 13?
10
Suppose 12*h + 100 = 7*h. Calculate the remainder when 72 is divided by 146/10 - (-1 - 12/h).
12
Let m = -1314 + 1327. Calculate the remainder when 75 is divided by m.
10
Let m(z) = -29*z + 20. Let i be m(-2). Suppose 3*t - i = -3*t. Let a(b) = b**2 - b + 6. What is the remainder when a(-6) is divided by t?
9
Suppose 3*q - 108 = 6*q. Let f = 58 + q. What is the remainder when 24 is divided by (-4)/f - (-505)/55?
6
Suppose -80 + 325 = 5*u. What is the remainder when u is divided by 3*(-6)/(-18)*(14 - 1)?
10
Let c = -173 + 365. What is the remainder when c is divided by 14?
10
Let p = 318 - 264. Calculate the remainder when 103 is divided by p.
49
Suppose 4*l = 5*k - 158, -l + 5*k + 52 = -2*l. Let r = -22 - l. Calculate the remainder when -1 - 160/(-1 + -1) is divided by r.
19
Calculate the remainder when 41 is divided by 4/(-5)*(-1210)/44.
19
Suppose -a + 0*a = -2. Suppose a*y - 129 + 45 = 0. Let g = -4 + y. Calculate the remainder when g is divided by 10.
8
What is the remainder when (-2 - -6) + 7/1 is divided by 2?
1
Let y = 12 + -7. Let w be 3/((-75)/10*(-1)/(-20)). What is the remainder when (-11)/(-44) + (-110)/w is divided by y?
4
Suppose -3*m = 3, 0 = 2*r + 5*m - 0*m + 23. What is the remainder when 23 is divided by 12/(-4) + 7 - r?
10
Let t be 8*15/4*-2. Let c = 85 + t. Calculate the remainder when c is divided by ((-60)/(-360))/(2/156).
12
Let s = -47 + 128. Suppose -5*o + s = -2*o. Calculate the remainder when 78 is divided by o.
24
Suppose v + 3*v = 0. Suppose v = -g - g + 4. Suppose -52 = -3*x + g*x. Calculate the remainder when x is divided by 11.
8
Let k = 122 - 118. Suppose 4*p + z - 36 = 0, -p + k*z - 4 = z. Calculate the remainder when 8 is divided by p.
0
Suppose 0 = -2*x - 1 + 7. Suppose -x*r - f + 82 = 0, -5*f - 84 = -0*r - 4*r. What is the remainder when r is divided by 7?
5
Suppose 68*z - 63*z - 120 = 0. What is the remainder when 286 is divided by z?
22
Let p = 99 + -93. What is the remainder when p is divided by 1?
0
What is the remainder when (-3)/(-5) + (-1 - 3804/(-10)) is divided by 75?
5
Suppose 5*a + f - 70 = 0, -4*a + 55 = -2*a - 5*f. Suppose 5*u = 25, -3*i - 5*u - 101 = -6*i. Calculate the remainder when i is divided by a.
12
What is the remainder when 75 is divided by 12/4 + 2 + -12 + 11?
3
Let t(i) = -2*i**2 - 23*i + 41. Let m be t(2). Let w(g) = -23*g + 3. Let k be w(2). Let o = m - k. Calculate the remainder when o is divided by 8.
6
Let l(z) = -45*z - 28. Let r be l(-7). Suppose -r = -13*k + 129. What is the remainder when 94 is divided by k?
30
Let t(j) = 51*j**2 + 49*j**2 - 2*j**2 - j**2. Calculate the remainder when t(-1) is divided by -29*(-3)/3 + (-52)/13.
22
Suppose 3*c = c + 5*x + 39, -12 = -2*c - 4*x. Calculate the remainder when 35 is divided by c.
11
Let m = -461 + 480. What is the remainder when 77 is divided by m?
1
Suppose -3*o + 10 = -o. What is the remainder when (-9 + -173)/(-7) - (0 - 1) is divided by o?
2
Let p = 4 - 3. Suppose 2*h - h = 0. What is the remainder when h - (0 + 9)/(-3) is divided by p?
0
Calculate the remainder when ((-14)/28)/(-1 + 57/58) is divided by 6.
5
Suppose 5*o - 27 + 7 = 0. Suppose -2*q - 10 = 4*c, c + o = 2*q - 1. Calculate the remainder when ((-560)/(-48))/((-1)/c) is divided by 9.
8
Let d(q) = -q**2 + 6*q + 12. What is the remainder when 5904/102 - (-8)/68 is divided by d(6)?
10
Let x(v) = -v**3 - 17*v**2 - 18*v - 15. Suppose 3*d = 3*c - 48, 38 = -5*d - 5*c - 42. Calculate the remainder when 49 is divided by x(d).
15
Let c(n) = n - 17. Let h be c(10). Let z = h - -26. Suppose -y + 0*y + 37 = 0. What is the remainder when y is divided by z?
18
What is the remainder when 18 is divided by 5 - (-28)/(11 - 4)?
0
Suppose -h - o + 100 = -3*o, 0 = -5*o. What is the remainder when h is divided by 15?
10
Suppose 3*m + 6 = 0, s + 3*m - m = 93. Let z(j) = j**2 - 3*j - 7. Calculate the remainder when s is divided by z(8).
31
Let i = -230 - -235. What is the remainder when 14 is divided by i?
4
Suppose r - 4 + 0 = 0. Suppose 35 + 1 = 2*n - 2*y, n - 27 = r*y. Calculate the remainder when 59 is divided by n.
14
Let w = -1526 + 1562. What is the remainder when 247 is divided by w?
31
What is the remainder when 327 is divided by -20*(11 + -10 + 33/(-6))?
57
Let r(t) = 3*t**2 + 5*t + 1. Let y be r(-2). Suppose 4*d + 92 = y*u, u + d - 13 = 6. What is the remainder when 45 is divided by u?
21
Suppose -3*p + 13 + 17 = -b, 2*b - 2*p + 52 = 0. Let f(l) = -l**3 - 2*l**2 + 1. Let v be f(3). Let o = b - v. Calculate the remainder when 37 is divided by o.
17
Let b = -55 + 52. Suppose 3*d = -d + 40. 